 1. Let b be w(12). Suppose -6*d + b + 5 = 0. What are the prime factors of 7 - 4 - (-61)/d?
2
Suppose 2*m - 4*s + 18 = -0*s, 5*m = s. What are the prime factors of m*20 + -4*(-15)/20?
23
Let s be 56/(-20) + 8/10. Let f be 21 + (-5 + s - -3). Let w(n) = 4*n - 24. What are the prime factors of w(f)?
2, 11
Let u(z) = 746*z - 35. What are the prime factors of u(1)?
3, 79
Suppose 3*r + 2 = -4*x - 1, 2*r + 3*x = -3. List the prime factors of -3*(-2 - 23/r).
29
Let s be ((2 + -1)*-1)/(-1). Suppose 3*z - b + 6 - 28 = 0, 3*z = -5*b + 34. What are the prime factors of s*(-2)/z*-196?
7
Let y = -14 - -26. Suppose -y - 46 = -2*s. List the prime factors of s.
29
Suppose 5*x + 5120 = 4*a - 12642, 5*a - 22184 = -3*x. What are the prime factors of a?
2, 7, 317
Let c(y) = -y**3 + 12*y**2 - 10*y - 3. Let a be c(11). What are the prime factors of -3 + 3692/16 + 2/a?
2, 3, 19
Suppose -16*i - 60 = -18*i. Let s = i - -132. What are the prime factors of s?
2, 3
Let q = 34 + -29. Suppose -q*s - 2*p = -82, 2*p + 25 = 4*s - 37. What are the prime factors of s?
2
Let t = -47 + 34. Let y = t + 27. What are the prime factors of 180/y*14/3?
2, 3, 5
Let i(t) = 8 + 3 + 4*t - 21 - 4*t**2 - t**3. What are the prime factors of i(-6)?
2, 19
Suppose -5*o + 4*l + 3154 = 0, 0*l + 4*l - 1256 = -2*o. List the prime factors of o.
2, 3, 5, 7
Suppose 0 = -2*a - 19 + 3. Let t be 3/12 + (-358)/a. Suppose -3*k = 3*i - t, 4*k = 3*k + i + 19. List the prime factors of k.
17
Suppose -1073 = -2*v + r, -v + 2139 = 3*v + 5*r. List the prime factors of v.
2, 67
Let c = -78 + 101. What are the prime factors of c?
23
Suppose -2*d + 8 = -6*d. Let t(h) = -17*h**3 + 2*h**2 + 3*h + 1. List the prime factors of t(d).
139
Let h(l) = 12*l - 6. Let r be h(-6). Suppose -4*b = 0, -6*w + 11*w = -b - 70. Let p = w - r. What are the prime factors of p?
2
Let y(w) be the third derivative of w**4/24 - w**3/3 + 4*w**2. Let i be y(5). Suppose -2*f = i*m - 104, -f + 152 = 5*m - 3*f. What are the prime factors of m?
2
Suppose -12*h + 9684 = -8*h. List the prime factors of h.
3, 269
Let p be 1/(1 - 20/24). What are the prime factors of (8 - 3)*(-1 + p)?
5
Suppose -11*a = -a - 16880. List the prime factors of a.
2, 211
What are the prime factors of 45/2*(-572)/(-55)?
2, 3, 13
Let h = 30 + -71. Let r = -22 - h. List the prime factors of r.
19
Let y(h) = 103*h**2 + 26*h - 81. What are the prime factors of y(4)?
3, 557
Let o = 36 + 55. Suppose 5*m - 4 + 269 = 0. Let g = o + m. What are the prime factors of g?
2, 19
Suppose 11*t - 1403 - 5472 = 0. List the prime factors of t.
5
Let n be -1 + 9*(-4)/(-6). Suppose g - 2*g - 1 = -3*x, 65 = n*g - x. List the prime factors of g.
2, 7
Suppose 5 = 2*l - 5. Suppose 0*f = 3*f - l*u - 16, 2*f - 6 = u. Suppose 7 = 5*d - 8, -f*w + 11 = d. What are the prime factors of w?
2
Let j = -234 - -490. List the prime factors of j.
2
Let c(k) = 0*k**2 + k**2 - 12 - k + 38 + 0*k. What are the prime factors of c(0)?
2, 13
Suppose -3*l = 195 - 6. Let h be ((-3)/(-9))/((-7)/l). Suppose i - h*n = 48, 5*n - 96 = -5*i + 44. What are the prime factors of i?
3, 11
Suppose 0 = 4*k - 5*x - 440 - 1018, -4*k + 1478 = 5*x. List the prime factors of k.
367
Suppose -5*h - 25 = 5*g, 3 = -2*h - 2*g + 7*g. Let c be (h + -2)*2/(-3). Suppose -4*x + 2*s + 52 = 0, -2*x = -3*x - c*s - 5. What are the prime factors of x?
11
Let d be 5/2 + 3/(-6). Suppose -3*w + 2*m + 16 = 0, 4*w - 12 = -d*m + 14. Suppose 0*q - w*q + 120 = 0. What are the prime factors of q?
2, 5
Let k(n) = 82*n + 23. What are the prime factors of k(17)?
13, 109
Suppose -2*h - 11*g + 5787 = 0, 2*h - 19*g - 5777 = -20*g. What are the prime factors of h?
2, 19
What are the prime factors of (1757/4 - -1)/((-6)/(-16))?
2, 587
Let p be (-4)/(-6)*-1 - (-8)/12. Suppose -3*o + 2*y + 547 = 0, p = o + o + 4*y - 338. What are the prime factors of o?
179
Let s be (-385)/(-121) - 2/11. Suppose -3*t + 4*u = -193, 2*t + u = -s*u + 162. List the prime factors of t.
71
Let t(l) = -l**3 - 9*l**2 - 17*l - 8. Let p(n) = n**3 + 9*n**2 + 18*n + 7. Let q(r) = 4*p(r) + 5*t(r). List the prime factors of q(-8).
2, 7
Let o(k) = -k**2 + 9*k + 2. Let d be o(9). Suppose 0 - 17 = -4*p - v, d*p - 12 = -4*v. Suppose -p*b + 2*b = -44. What are the prime factors of b?
2, 11
Let k = -174 + 446. List the prime factors of k.
2, 17
Suppose 2861 = -50*k + 16061. What are the prime factors of k?
2, 3, 11
Let v(w) = -w**3 - 7*w**2 + 7*w - 18. Let h be v(-9). Let f = 119 - h. List the prime factors of f.
2, 19
Let b = 426 - -140. List the prime factors of b.
2, 283
What are the prime factors of (-1*(-3 + -4))/((-4)/(-64))?
2, 7
Let q(o) = 6*o**2 + 25*o - 53. Let j(p) = -7*p**2 - 25*p + 53. Let z(g) = -5*j(g) - 6*q(g). List the prime factors of z(-22).
7, 17
Let v = -6 + 4. Let q(f) = -2 - 1 - 4*f - 4*f**3 + 232*f**2 - 235*f**2. List the prime factors of q(v).
5
Suppose -6123 = -17*s - 360. What are the prime factors of s?
3, 113
Suppose -4*o - 12*o + 48 = 0. Suppose 3*i + 5*v = -i + 96, 4*i = o*v + 64. List the prime factors of i.
19
Let f = -7 + 10. Let c be (5/(-2))/(f/(-18)). Suppose c = p - 2*m, 21 = 2*p - 0*m - m. What are the prime factors of p?
3
Suppose -31*d + 29*d = 58. Let f = d - -64. What are the prime factors of f?
5, 7
Let f(b) = b**2 - 8. Suppose -k - 20 = -4*r, k + 0*k = 4. List the prime factors of f(r).
2, 7
List the prime factors of ((-6)/(-21) - 16/7) + 332.
2, 3, 5, 11
Let p(h) = h**3 + 4*h**2 - h + 4305. List the prime factors of p(0).
3, 5, 7, 41
Suppose 57 = 4*a - 11. Let t = 43 - a. List the prime factors of t.
2, 13
Let i = 169 - 55. Let s = i - 42. List the prime factors of s.
2, 3
Let b = 22 - 19. Suppose 256 = 4*k + 2*n, -n = b*n - 8. List the prime factors of k.
3, 7
Let b = 10897 + -6917. What are the prime factors of b?
2, 5, 199
Suppose 2*m + 489 = 5*p, 0*p = -5*p - 2*m + 481. Suppose -l + p = -7. Suppose -5*j + l = -11. What are the prime factors of j?
23
Suppose 337 + 409 = j + 4*m, 4 = m. What are the prime factors of j?
2, 5, 73
Let v = 10 + -10. Suppose 5*n = -v*n + 385. List the prime factors of n.
7, 11
Let z(s) = 262*s - 20. List the prime factors of z(3).
2, 383
Let g = 493 - -523. What are the prime factors of g?
2, 127
Let t be (-1 + 2)/(10/40). Suppose 63 = t*m - 281. List the prime factors of m.
2, 43
Suppose 0 = 14*b - 0*b - 756. List the prime factors of b.
2, 3
Let h = 2 + -3. Suppose 5*s - 45 = -105. List the prime factors of s*(20/(-8) - h).
2, 3
Let p be (-18)/36*(-4)/(-1). What are the prime factors of ((-4)/(-3))/(p/(-54))?
2, 3
Let y(m) be the first derivative of 17*m**3/3 - m**2/2 - 2*m - 1. Let z be y(-1). Let o = 24 - z. List the prime factors of o.
2
Let a = -6 - -11. Suppose -30 = a*g - 0*g. What are the prime factors of (-81)/g - (-3)/6?
2, 7
Let u(j) = j**2 + 16*j - 2. Let s be u(-7). Let a = s - -113. List the prime factors of a.
2, 3
Let s(r) = 165*r - 39. What are the prime factors of s(13)?
2, 3, 13
Let p(z) = -10*z - 4. Let b = -12 + 17. Suppose -2*d - 5*s = -d + 18, -b*d = -3*s + 6. List the prime factors of p(d).
2, 13
Let a = 2345 + -1153. What are the prime factors of a?
2, 149
Let j(m) = -10*m**2 - 4*m - 1 + 4 - 14*m**2 + 2. Let l be j(2). Let o = -57 - l. List the prime factors of o.
2, 3, 7
Let k = -315 + 480. Suppose 10*s = 7*s + k. What are the prime factors of s?
5, 11
Let j(l) = l**2 + 13*l - 1. Let w be j(-13). Let k = w + 8. List the prime factors of k/(-14) - (-19)/2.
3
Suppose -44*y + 64*y = 32420. What are the prime factors of y?
1621
Let g(i) = -i**2 + 23*i + 1. Let j be g(11). Suppose 0 = -6*t + j + 269. What are the prime factors of t?
67
Suppose 4*r + 5 = 5*r. Let x = 80 + r. What are the prime factors of x?
5, 17
Suppose v + 2 = 6. Let x(r) be the third derivative of r**5/60 - r**3/6 + 9*r**2 + 3. What are the prime factors of x(v)?
3, 5
Let o(v) = -v**2 - 4*v + 91. Let r = 11 - 11. List the prime factors of o(r).
7, 13
Let v(k) = -k - 8. Let u be v(-4). Let w(b) = 14*b**2 + 41*b + 26. Let p(g) = 5*g**2 + 14*g + 9. Let t(i) = u*w(i) + 11*p(i). List the prime factors of t(-5).
2, 5
Let w(q) = 158*q**2 - 28*q - 100. What are the prime factors of w(-4)?
2, 5, 127
Let h(f) = -13*f**3 + f**2 + 3*f - 1. Suppose 0 = 3*m + 3*u + 12, -3*m + 2 = -7*m + 3*u. What are the prime factors of h(m)?
101
Suppose -7*s = -